-12 + 466?
454
In base 13, what is 3 + -76?
-73
In base 9, what is -4 - 265?
-270
In base 12, what is -1 + -2b?
-30
In base 7, what is 212666 + -2?
212664
In base 10, what is -4 + 2162?
2158
In base 3, what is 210 + 11?
221
In base 8, what is -103 - 30?
-133
In base 4, what is -1 + 302?
301
In base 6, what is -10 + -25?
-35
In base 7, what is 4406 + -1?
4405
In base 6, what is 1 + -33?
-32
In base 6, what is -4 - 4045?
-4053
In base 10, what is 0 + -25?
-25
In base 9, what is 2438 + -1?
2437
In base 12, what is 10 + -20?
-10
In base 4, what is -1331 - 3?
-2000
In base 5, what is -32 + -11?
-43
In base 13, what is 2 + 1692?
1694
In base 9, what is -3 + -61?
-64
In base 2, what is 1100 + 11010?
100110
In base 14, what is 202b - -2?
202d
In base 14, what is -9 - 69?
-74
In base 12, what is -36 - -2?
-34
In base 16, what is -a + 2f4?
2ea
In base 11, what is -282 - 3?
-285
In base 2, what is 0 + 111001?
111001
In base 10, what is -328 + 5?
-323
In base 2, what is 10011111101 + -11?
10011111010
In base 3, what is 100 - -212?
1012
In base 9, what is -8 + 1347?
1338
In base 2, what is -1010000 + 0?
-1010000
In base 10, what is -1028 + -4?
-1032
In base 7, what is -630 + -32?
-662
In base 8, what is -5 + 261?
254
In base 12, what is 2 + -1a?
-18
In base 12, what is -48 - -52?
6
In base 6, what is 14 + -21?
-3
In base 11, what is 1aaa + 1?
2000
In base 9, what is -1 + 85?
84
In base 5, what is -4 + -24132?
-24141
In base 4, what is 10 - 11?
-1
In base 15, what is 203d + 5?
2043
In base 13, what is 3 + -2168?
-2165
In base 2, what is 1 + 11010000?
11010001
In base 12, what is 0 + -39?
-39
In base 5, what is -311 - 20?
-331
In base 7, what is 5 - -1161?
1166
In base 3, what is 10211 - -1020?
12001
In base 3, what is -12 + -10010?
-10022
In base 13, what is 231 - 32?
1cc
In base 15, what is 18 + 2e?
47
In base 5, what is -2324 - 0?
-2324
In base 13, what is -2bc + -5?
-2c4
In base 6, what is -32022 - 0?
-32022
In base 7, what is 5 - 16?
-11
In base 3, what is -1121 + 20112?
11221
In base 7, what is 1101 + 3?
1104
In base 6, what is 0 + -3330?
-3330
In base 4, what is 1102333 + 11?
1103010
In base 13, what is -2 + -1a1?
-1a3
In base 8, what is 4467 - 4?
4463
In base 9, what is 0 - -402?
402
In base 3, what is -110100 - -10?
-110020
In base 13, what is -3 + -91a?
-920
In base 15, what is -e - 0?
-e
In base 9, what is -5 + -15?
-21
In base 13, what is 247 - c?
238
In base 6, what is 3 - 15400?
-15353
In base 8, what is 4 + -360?
-354
In base 8, what is -1 - -2533?
2532
In base 7, what is -20 + 5431?
5411
In base 3, what is -2 - 100101?
-100110
In base 6, what is -215 + 0?
-215
In base 3, what is 122112020 + 10?
122112100
In base 8, what is 2 - -21?
23
In base 5, what is 2 - 4341?
-4334
In base 4, what is -3 + -1031?
-1100
In base 14, what is -265 + -5?
-26a
In base 15, what is -1 + 393?
392
In base 16, what is -149 - -8?
-141
In base 12, what is -3b + -140?
-17b
In base 11, what is 16 + -7a?
-64
In base 11, what is 24 + -215?
-1a1
In base 11, what is 2881 - 3?
2879
In base 13, what is -9 - -c?
3
In base 13, what is -37 - 15?
-4c
In base 10, what is 0 - 92?
-92
In base 15, what is a45 + 2?
a47
In base 16, what is -c - a6?
-b2
In base 6, what is 34 + 142?
220
In base 15, what is 2 + -15e?
-15c
In base 9, what is -2 - 3503?
-3505
In base 12, what is -8 + -266?
-272
In base 16, what is -76 - -2?
-74
In base 5, what is -2320 + 3?
-2312
In base 5, what is -2 - 11442?
-11444
In base 14, what is c + 5?
13
In base 16, what is -2746 - 0?
-2746
In base 14, what is 620 + 6?
626
In base 5, what is 211 + -232?
-21
In base 5, what is 1024 - -10?
1034
In base 16, what is d32 - -5?
d37
In base 5, what is -213 + -10?
-223
In base 11, what is -5 - 19?
-23
In base 7, what is -31534 + 3?
-31531
In base 5, what is 32 + 44?
131
In base 6, what is -1240 + -4?
-1244
In base 3, what is 2 - 20222?
-20220
In base 3, what is 10 + -221111?
-221101
In base 6, what is 113130 + 0?
113130
In base 11, what is -396 - -2?
-394
In base 3, what is -1010022020 + 11?
-1010022002
In base 11, what is 0 + -2049?
-2049
In base 6, what is -130 - 0?
-130
In base 6, what is 2255 + 4?
2303
In base 16, what is e + 1bb?
1c9
In base 2, what is 11111 - 10010?
1101
In base 8, what is 33 + -20?
13
In base 7, what is 0 + 2362?
2362
In base 11, what is 9 + 18?
26
In base 7, what is 12 + -5?
4
In base 2, what is 101 - 11111?
-11010
In base 7, what is -1 + -333?
-334
In base 6, what is 5 + 2423?
2432
In base 4, what is 1110233 + -1?
1110232
In base 10, what is 15 + -130?
-115
In base 15, what is 18 + -1e?
-6
In base 9, what is 12373 + -5?
12367
In base 15, what is 1 + 48?
49
In base 14, what is -1 - 50?
-51
In base 8, what is -77 + 64?
-13
In base 12, what is 7 + -4b9?
-4b2
In base 2, what is -1101100010000 + 101?
-1101100001011
In base 6, what is -43 - 3145?
-3232
In base 15, what is -16b - -3?
-168
In base 8, what is 5 + 542?
547
In base 14, what is 5 - -72?
77
In base 10, what is -476 + 5?
-471
In base 2, what is -101 - -111101?
111000
In base 8, what is 416 - 0?
416
In base 13, what is 242 - 11?
231
In base 7, what is -4 + -2620?
-2624
In base 7, what is -2 + 4?
2
In base 8, what is 13 - 171?
-156
In base 10, what is -27 + 34?
7
In base 9, what is 1 - 22?
-21
In base 8, what is 2 - 52?
-50
In base 6, what is 5 - 441?
-432
In base 3, what is 12 - -2111?
2200
In base 13, what is -14 - b?
-22
In base 3, what is -1 - 200020?
-200021
In base 11, what is -2 - -313?
311
In base 4, what is -230 + -1121?
-2011
In base 3, what is 2202 + -10?
2122
In base 3, what is 10220 - 1?
10212
In base 7, what is 1 + 544?
545
In base 15, what is -4 + 1655?
1651
In base 9, what is -6022 - -5?
-6016
In base 15, what is -3 - 23?
-26
In base 12, what is 33 - -2?
35
In base 4, what is 2201 + 11?
2212
In base 8, what is 10 + 40?
50
In base 6, what is 2 - 315?
-313
In base 2, what is 110010001111 - -110?
110010010101
In base 16, what is 153 - -6?
159
In base 13, what is -2a51 + 4?
-2a4a
In base 2, what is 101 + -100011000?
-100010011
In base 4, what is 12331 - 10?
12321
In base 8, what is 41 + -2?
37
In base 15, what is 2 + 48?
4a
In base 15, what is 0 + 31d?
31d
In base 15, what is 7 - 39d?
-396
In base 14, what is -1 + 673?
672
In base 14, what is 13 + 3?
16
In base 5, what is -34414 + -4?
-34423
In base 16, what is -3 + 6a?
67
In base 4, what is 210 - 130?
20
In base 2, what is -100010111010011 + -11?
-100010111010110
In base 14, what is -1c88 + -4?
-1c8c
In base 10, what is -163 - 3?
-166
In base 10, what is -32 + -13?
-45
In base 3, what is -12202 - 1?
-12210
In base 14, what is 35 + 39?
70
In base 7, what is 3313 - 3?
3310
In base 7, what is 1510 + 3?
1513
In base 10, what is 37 - 34?
3
In base 13, what is -3 + 34?
31
In base 2, what is 100110111100 - 101?
100110110111
In base 12, what is -35 - -4?
-31
In base 2, what is 10010 + -110?
1100
In base 11, what is 276 + 5?
280
In base 2, what is 11 + -10000111001?
-10000110110
In base 14, what is -45 + -10?
-55
In base 5, what is -2021 + 4?
-2012
In base 12, what is 5 - 317?
-312
In base 13, what is a9 + 40?
119
In base 2, what is 110101100110 - -1?
110101100111
In base 3, what is 120121 - -102?
121000
In base 10, what is -4 + 26?
22
In base 7, what is 5520 + 1?
5521
In base 12, what is 4a + 2?
50
In base 9, what is 1602 + -1?
1601
In base 9, what is 85 + 3?
88
In base 14, what is 0 + -8?
-8
In base 3, what is -10 - -1211?
1201
In base 11, what is -15 + -5?
-1a
In base 11, what is 19 - 15?
4
In base 5, what is 430 + 3?
433
In base 13, what is 4a + -1?
49
In base 15, what is 9 - -8?
12
In base 6, what is 5 + 1433?
1442
In base 15, what is 26 + -2?
24
In base 4, what is -3332 - 13?
-10011
In base 8, what is -332 + -3?
-335
In base 13, what is -3 - -52a?
527
In base 12, what is -2a - 7?
-35
In base 3, what is 1 - -11022002?
11022010
In base 12, what is 1044 + -1?
1043
In base 5, what is 13124 - -2?
13131
In base 7, what is 15 + -125?
-110
In base 16, what is fb9 + 0?
fb9
In base 13, what is 2 + -19?
-17
In base 6, what is 1 - -332?
333
In base 11, what is -44 - 1?
-45
In base 9, what is 4686 - 3?
4683
In base 14, what is 3 + -18?
-15
In base 13, what is 1 - -184?
185
In base 6, what is -3 - 105?
-112
In base 4, what is 3 - 11?
-2
In base 6, what is -1 - -2?
1
In base 16, what is 4b - -f?
5